Suppose 5*t - 11 = 5*n - 2*n, 5*n - 11 = t. What is the units digit of 1 + -3 - (10 - (597 - t))?
1
What is the hundreds digit of (-7 - -3555)*225/(-60)*(-1)/5?
6
Let f = 2080 - 1353. What is the hundreds digit of f?
7
Let y(s) = 28*s + 18. Let q be y(2). Let j = -39 + q. What is the tens digit of j?
3
Suppose -3539771 = -247*b + 1625394 + 2487142. What is the units digit of b?
1
Let c(r) be the second derivative of 0 + r**3 - 55/2*r**2 + 24*r. What is the tens digit of c(11)?
1
Suppose 0 = 2*n + 4*n - 30. Let w(j) = 2*j**2 - 7*j - 11. Let f be w(n). Suppose f*r - 67 = d, -3*r + r + 3*d = -31. What is the units digit of r?
7
Let s(l) = -6*l**2 + 6*l - 2. Let m(x) = -13*x**2 + 12*x - 12. Let z(w) = 4*m(w) - 9*s(w). What is the tens digit of z(21)?
2
Suppose 7317189 - 29339297 = -358*r + 4714764. What is the thousands digit of r?
4
Suppose -10194 = -12*d + 5358. What is the units digit of d?
6
Let j(h) = 3*h**2 - 356*h + 468. What is the tens digit of j(-46)?
9
Let h be (-13)/(26/(-2180)) + (4 - 2). Suppose 3 = -p, -h = -2*q + 2*p + 2*p. What is the units digit of q?
0
Let j(y) = -y**2 + y + 45. Let a be j(6). Let m(d) = 2*d + 38. What is the units digit of m(a)?
8
Let x(r) = 7256*r**2 + 344*r - 686. What is the thousands digit of x(2)?
9
Let m be 32 + (8 - (0 - -11)). Suppose -m*t = -31*t + 1050. What is the tens digit of t?
2
Suppose -7 = 2*o + 5*d, -o + 6*o + 4 = d. Let n be ((-2)/2 - o - 3)*11. What is the tens digit of (8/(-6) - 1 - -1)*n?
4
Let h(y) = -23*y - 38. Let a = -63 + 69. Let t be ((231/a)/11)/(2/(-4)). What is the tens digit of h(t)?
2
Let b = -34 - -119. Let o = 194 - 134. Let q = o + b. What is the hundreds digit of q?
1
Let u be 3 + 2*36*7. What is the tens digit of 0/(6 - 2) + -1 + u?
0
Let k be -60*(1 - (-44)/(-20)). Let o = k + -33. Let n = o + -11. What is the units digit of n?
8
Let i be (2/(-1))/2*-8. Suppose -4*f - 2*h = -28, i = 2*f - h + 2. Suppose f*z - u - 376 = 78, -2*z - 3*u = -185. What is the units digit of z?
1
Let f = 315 + -311. What is the units digit of (f - (-920 - 0)) + -2?
2
Suppose -10*v = -14*v + 1308. What is the tens digit of (12/(-4) - -5)*v?
5
Let n(y) = y**2 + 76*y + 8162. What is the units digit of n(0)?
2
What is the units digit of -4 + ((-4)/(-34) - (6 + 781818/(-102)))?
5
Suppose 39*v - 2515 = 449. Suppose 0 = 8*f + v - 6452. What is the hundreds digit of f?
7
What is the tens digit of 1516*4/(-2)*(-1386)/264?
1
What is the ten thousands digit of (104/1)/((-828)/(-187749))?
2
Let x = -401 + 406. Suppose 5*u = -5*l + 4005, -5*u + x*l + 5049 = 994. What is the units digit of u?
6
Let c = 79 + -74. Let m be (2 + (0 - -314))*c/5. What is the tens digit of -1 + m/4 + (3 - 0)?
8
Suppose 5*q = 107*c - 111*c + 19534, 2*q = -2*c + 7816. What is the thousands digit of q?
3
Suppose -m - 4 = 0, -4*t + m = 5*m - 28396. Suppose -8833 - t = -8*v. What is the tens digit of v?
9
Let i be (-135)/108 - 25/(-4). Suppose i*h + 852 = n, 812 = -3*n + 2*h + 3433. What is the hundreds digit of n?
8
Suppose 5*b + j - 64227 = 0, 12843 = -20*b + 21*b - j. What is the units digit of b?
5
Let g = 12919 - 8843. What is the tens digit of (-1)/((-4)/g)*1?
1
Let u(q) = 20*q**2 - 66*q + 1342. What is the units digit of u(18)?
4
Suppose 0 = 3*d - 27 - 3. Let h be (-1)/((-38)/d + 4). Let q(k) = -39*k - 12. What is the tens digit of q(h)?
8
Let s = 2391 + 1461. What is the thousands digit of s?
3
Suppose -23939 = -5*q - 3*x + 49746, -5*x - 14737 = -q. What is the thousands digit of q?
4
Let h = -86 - -85. Let z be (-4 - h)*-5*(-3)/(-5). Suppose -z*k = -2*k - 735. What is the tens digit of k?
0
Suppose 191930 = 5*u + 5*k, -3*u + 53*k - 52*k + 115182 = 0. What is the ten thousands digit of u?
3
Suppose 0 = -4*j - 10 + 2. Let a be (-30)/4*j/3. Suppose -110 = -7*k + a*k. What is the tens digit of k?
5
Let b(u) = u**2 - 6*u - 45. Let j be b(16). Suppose -3*z + w + j = 0, -3*z - w + 111 = 2*w. Suppose 0 = -3*n + z + 10. What is the units digit of n?
6
Let k = -2921 + 8630. What is the units digit of k?
9
Let b(m) = m**3 - 8*m**2 + 21*m - 36. Let l be b(14). Let h = l + 621. What is the tens digit of h?
5
Let o = -36 + 30. Let c(x) = x**3 + 5*x**2 - 5*x + 10. Let m be c(o). Suppose -f + m*i = 2, 5*f - 3*i - 24 = -0*i. What is the units digit of f?
6
Suppose -32*f + 582840 = 152504. What is the ten thousands digit of f?
1
Let n(x) be the second derivative of x**4/12 - 10*x**3/3 - 71*x**2/2 - 4*x + 5. What is the units digit of n(-8)?
3
Let o be 8/6*(-329436)/(-12). Suppose -30*m + o = 8584. What is the units digit of m?
4
Suppose -2*w = 4*c - 94, -68 = -3*c - 0*w + w. Suppose c*y = 26*y - 1848. Let t = y + -368. What is the units digit of t?
8
Let l = -8480 + 10730. What is the tens digit of l?
5
Let k(f) = -f**3 + 11*f**2 - 15. Let x be k(-8). Suppose m + 1181 = 4*c + 2*m, -4*c + x = 5*m. What is the units digit of c?
4
Let x be (104/(-3))/((-4)/(-24)). Let v = 157 - x. What is the units digit of v?
5
Suppose 371*v - 267*v = 367952. What is the units digit of v?
8
Suppose 0 = -2*n - 374 - 220. Suppose 2*g = 3*m - 310, -2*g - m + 5 = 307. Let y = g - n. What is the tens digit of y?
4
Let w = 209 - 113. Suppose -2*x - 95 = -3*o, -5*x = o + 3*o - w. Suppose a = 4*y + 47, -a + 0*a + o = 5*y. What is the units digit of a?
9
Let q(s) = -6*s - 151. Let d be q(-27). Suppose d*g - 12740 + 1179 = 0. What is the units digit of g?
1
Suppose -683805 = -116*u + 320397 + 198022. What is the thousands digit of u?
0
Let o(y) be the first derivative of y**3/3 + 3*y**2/2 - 7*y + 197. What is the units digit of o(3)?
1
Suppose -18 + 3 = -5*x + 5*s, x + 5 = 5*s. Let p be 0 - (2/(-1) - -2). Suppose -3*q + x*z = -0*q - 218, 3*q + z - 248 = p. What is the units digit of q?
1
What is the units digit of 4*(8376/32 - 10)?
7
Let a be (-3)/(-4) - 836/(-16). Let b = a - -30. What is the units digit of b?
3
Suppose 0 = -8*y + 4*y + 12. Suppose -24 = -y*c - 3*i, 2 = -3*c + 3*i - 4. Suppose 272 = c*z - 88. What is the tens digit of z?
2
Suppose 2374761 = -13937*a + 13978*a. What is the thousands digit of a?
7
Let m(w) = w**3 - 15*w**2 - 5*w - 31. Let u be m(17). Suppose -2*h = 3*y - h - 458, 3*y - 3*h = u. What is the units digit of y?
3
Suppose 0*k - 4 = k. What is the hundreds digit of (600/(-350))/(k/1274)?
5
Suppose 0 = x - 5*x - 340. Let j be (-10)/(-4)*(-408)/x. What is the tens digit of (j/5)/(7 + 2829/(-405))?
6
Let u be (-6 + 7)/((-1)/4*-2). What is the tens digit of 9751/21 + u/(-6)?
6
Let u be (-72)/90 - (-54)/5. Suppose 0 = -23*v - u*v + 32076. What is the tens digit of v?
7
Suppose 116969 = 54*s - 99247. What is the hundreds digit of s?
0
Let k be (981/12 - 3)/(1/(-4)). What is the hundreds digit of (k/(-6))/(5/30)?
3
Let b = 40 + -35. Let f be (4 - (-37 + (3 - b))) + 4. Suppose y - f = 207. What is the units digit of y?
4
Suppose -23265 = -7*o + 4*o. What is the units digit of -4 + o/25 + (-2)/10?
6
Let y(i) = -5*i**2 + i - 5. Let b(f) = f**2 - f + 1. Let w(k) = -2*b(k) - y(k). What is the tens digit of w(-4)?
4
Suppose 5*c - 4*v = 5, -3*v + 34 = 3*c + 4. Suppose 3*l = -c*k - l + 2016, -4*l = -3*k + 1184. What is the hundreds digit of k?
4
Let o(u) = -4*u**3 + 87*u**2 + 33*u - 44. What is the thousands digit of o(12)?
5
Let j = -689 - -4071. What is the tens digit of j?
8
Suppose 3*a - 23361 = a - 3*d, -d - 35069 = -3*a. Suppose 11*g = 2799 + a. What is the hundreds digit of g?
3
Let z = 82 + -78. Suppose -z*p + 228 = -3*p. What is the hundreds digit of p?
2
Let b = 138 + -140. Let l(o) = -5*o + 6. What is the units digit of l(b)?
6
Let g(k) = -k**2 + 17*k - 30. Let n be g(15). Suppose 3*h + 2 + 25 = n. What is the tens digit of (29*h)/(4 - 5)?
6
Let i(g) be the first derivative of 89*g**4/4 + 2*g**3/3 + g**2/2 - g - 120. What is the units digit of i(2)?
1
Let s(v) = 107*v**2 - 255*v + 5952. What is the thousands digit of s(24)?
1
Suppose 58*w = 65*w - 6643. Suppose -5*y + 3489 - w = 0. What is the units digit of y?
8
Let l = -398 + 413. Let q(p) = 31*p + 197. What is the tens digit of q(l)?
6
What is the units digit of (16/56)/(63/(-49)) + (-26608)/(-18)?
8
Suppose 4744 = -12*c - 608. Let n = c - -1114. What is the hundreds digit of n?
6
Let b(k) = k**2 + 31*k + 132. Let m be b(-27). Suppose m*a - 12270 = 9*a. What is the tens digit of a?
1
Let s = 3